**2 + 15*v + 31. List the prime factors of g(-6).
1381
Suppose 100*g - 115178 = 130522. List the prime factors of g.
3, 7, 13
Let t(x) = -x**2 - 4*x + 9. Let m be t(-5). Suppose 0 = -m*c + 2*a + 460, 4*c = c - a + 340. What are the prime factors of c?
2, 3, 19
Suppose -9*u - 56 = -5*u. What are the prime factors of (-21)/((-2)/(u/(-3)))?
7
Suppose 3*d - 1369 = -w, 0 = 2*w + 13*d - 10*d - 2747. What are the prime factors of w?
2, 13, 53
Let l be (84/(-6))/(-3 - -1). Suppose 2*b + l = b. What are the prime factors of (-13*1)/(b/14)?
2, 13
Let l(f) = f**3 - 10*f**2 + 12*f. Let d be l(10). Suppose 5*n - n + d = 0. What are the prime factors of 6/n + 101/5?
2, 5
Let y = 346 - 188. Suppose -5*i + 389 = d, -2*i + 3*d - 4*d + y = 0. What are the prime factors of i?
7, 11
What are the prime factors of ((-108)/90)/((-4)/1490)?
3, 149
Let h = -14 + 11. Let f be (3 - 12) + (0 - h). Let p = 25 + f. What are the prime factors of p?
19
Suppose 39 = -8*s - 33. Let a(i) = -18*i + 24. What are the prime factors of a(s)?
2, 3, 31
Let t = 10 - -71. Suppose 0 = -15*m + 1014 + t. List the prime factors of m.
73
Suppose 16 = -3*q - 2. What are the prime factors of (-20)/(q - -1) + 73?
7, 11
Let h(g) = 7*g**2 - 8*g - 4. Let d(y) = -6*y**2 + 8*y + 4. Suppose 3*s + 2*s - 25 = 0. Let z(c) = s*h(c) + 6*d(c). What are the prime factors of z(6)?
2
Let x(n) = 8*n + 73. What are the prime factors of x(18)?
7, 31
What are the prime factors of (-14830)/(-9) - (-56)/252?
2, 103
Suppose -4*w - k = -34, -2*k = -w + 2*k + 17. List the prime factors of (-1744)/(-72) - 2/w.
2, 3
Suppose -4*m + 16 = 0, -2*s - 5*m + 5 + 11 = 0. List the prime factors of 77 - (3/1 - (s - -6)).
2, 3, 13
Let r(a) = -32*a**3 - a**2 - 2*a. Let p be (-6)/(-12) - 3/2. List the prime factors of r(p).
3, 11
What are the prime factors of (-10)/(-75) - 652284/(-270)?
2, 151
Let t = -355 + 966. List the prime factors of t.
13, 47
Suppose 0 = 3*k - 0*j + 3*j + 123, -k + 5*j = 29. Let l be ((-1)/(-1))/((-2)/(-12)). What are the prime factors of 16/l*k/(-26)?
2
List the prime factors of (-82212)/(-93) - (0 + -5).
7, 127
Let h be 136/(-6) - -6*(-6)/108. What are the prime factors of (0 + (-4 - 1))*h?
5, 23
Let j be 46/8 + 1/4. Let q = 15 + -11. Suppose 60 = -q*l + j*l. What are the prime factors of l?
2, 3, 5
Let a be 0 + 6 - (12 - 10). Suppose a*k = 2*o - 96, 3*k + 98 + 135 = 5*o. Suppose -3*m = -3*s - 69, 2*m = 4*m + 4*s - o. What are the prime factors of m?
23
Let y(h) = 2*h - 2. Suppose -3 = -3*g - 4*l, -g + 10 = -2*l - 1. Suppose -n + 7 = g. What are the prime factors of y(n)?
2
Let w = 278 - 125. Let t = -75 + w. Suppose -18 = 2*o - t. List the prime factors of o.
2, 3, 5
Let u(p) = -p**3 - 6*p**2 + 7*p + 1. Let a be u(-7). Suppose -2*i + a = -i. List the prime factors of i/(-3*2/(-96)).
2
Let d be (0 - -741) + 2/(3/(-3)). Suppose 2*m - 574 + 41 = -3*v, -4*v = -3*m - d. List the prime factors of v.
181
Let f(v) = -28*v**2 + 4*v - 2. Let i be f(2). Let y be 1/2 + 3/2. What are the prime factors of i/(-5) - y/10?
3, 7
Suppose -180 = -3*b - 2*b. List the prime factors of b/14 - 16/28.
2
Suppose -2*u = 3*k - 439, -2*k - 15 = k. List the prime factors of u.
227
Let z(g) = -3*g**2 + 17*g - 6. Let x(y) = 2*y**2 - 9*y + 3. Let p(r) = 5*x(r) + 3*z(r). Let b be p(4). Suppose -b - 118 = -5*u. List the prime factors of u.
31
Let f(t) = -111*t - 16. What are the prime factors of f(-22)?
2, 1213
Suppose 9 = 3*v, -4570 = -4*l - 3*v + 1043. List the prime factors of l.
3, 467
Suppose 13 + 2 = -5*d. What are the prime factors of -1 - (d - (64 + -2))?
2
Suppose -3*w = -0*w, -w = 3*i - 993. What are the prime factors of i?
331
Let r(n) = 7*n + 4. Let v be r(-5). Let b be v/(-4) + (-2)/(-8). List the prime factors of 177/b + 11/(-88).
2, 11
Suppose -276*a - 1053 = -277*a. List the prime factors of a.
3, 13
Suppose m - 2*m = 21. Let f = m + 18. List the prime factors of (f - 44)/(-1) - 1.
2, 23
Let y(w) = -w + 7. Let j be y(3). Suppose 0 = 2*i - 4 - 0. Suppose -3*v - 252 = -j*l, 4*l - i*v - 68 = 3*l. What are the prime factors of l?
2, 3, 5
Let v(b) = -4527*b - 76. List the prime factors of v(-1).
4451
Suppose -1574 = -4*h + 286. List the prime factors of h.
3, 5, 31
What are the prime factors of (-2874)/(-18)*6*1?
2, 479
Suppose -2*z = -x - 5*z + 9, 3*x + z = 11. Let w be 21*(4 - 11/x). Suppose -w*k = -8*k + 41. What are the prime factors of k?
41
Let d = -10 - -13. Let b(t) = t**3 + 3*t**2 - t + 7. List the prime factors of b(d).
2, 29
Let m = -217 - -599. List the prime factors of m.
2, 191
Suppose 3*r - 4*r - 88 = 0. Let k = r - -147. List the prime factors of k.
59
Let z = 63 - 32. Suppose 6 = -2*r - 4*n, z = 3*r - n - 3*n. Suppose s + 88 = 3*p + r*s, 0 = -p + 2*s + 16. What are the prime factors of p?
2, 3
Suppose 7895 = 4*z + 3*n - 6*n, 5*n - 1991 = -z. List the prime factors of z.
2, 13, 19
Let l(h) = 49*h + 2. Let v be l(2). Suppose 3*o = 0, 3*o + 0*o = -4*b + v. Let i = b - 7. List the prime factors of i.
2, 3
Suppose 3*i + 25 = b, -i + 4*i + 65 = 5*b. Let d = 14 - b. Suppose -h + 3*m = -m - 32, -d*h = -3*m - 115. List the prime factors of h.
2, 7
Let j(d) = 24 + 3 - 5*d**2 + 12*d - 6. Let m(k) = -k**2 + 3*k + 5. Let a(y) = -2*j(y) + 9*m(y). List the prime factors of a(3).
3, 7
Let n(d) = -d**3 - 13*d**2 + 3*d + 21. Let p(r) = r**2 - 6*r - 14. Let k be p(6). What are the prime factors of n(k)?
5, 7
Let f(i) = 411*i - 1024. List the prime factors of f(9).
5, 107
Suppose b = -3*i + 6*b - 12, -10 = 5*i - 5*b. Suppose 2*q = 5*c + 34, -3*c - 7 = 5*q + i. List the prime factors of 4/(-6)*1*c.
2
Suppose -72 = -2*r - 6*r. Suppose -2*z + r + 21 = 0. What are the prime factors of z?
3, 5
Let n be -530*15/70 + (-4)/(-7). Let l = n - -224. List the prime factors of l.
3, 37
Let a(k) = k**3 + 8*k**2 - 2*k - 8. Let u be a(-7). Suppose o = -n + 61, -n + u = o + 3*o. List the prime factors of n.
3, 7
Let q(o) = o**2 - o + 4. Let r be q(0). Suppose 4*m - 3*d = 8*m - 48, -d = -r. What are the prime factors of (3 - (-3 + m)) + 14?
11
Suppose -2*p + 0 = -10. Suppose 2*o = o - 2*t - 6, o + 18 = -p*t. Let j(a) = 10*a + 1. List the prime factors of j(o).
3, 7
Suppose -20*y - 490 = -27*y. List the prime factors of y.
2, 5, 7
Suppose -3*p + 0*k + 8256 = -3*k, -3*p - 4*k = -8249. What are the prime factors of p?
3, 7, 131
Suppose 3*s - 105 = 54. Suppose -2*u = -2*x + 26, 4*x - 3*u - s = -0*x. What are the prime factors of x?
2, 7
Let y = 287 + -8. What are the prime factors of (-6)/(-4) - y/(-18)?
17
Let o = 41 - 50. Let y = o + 63. List the prime factors of y.
2, 3
Suppose -2*r + 10 = 0, -2*r - 5023 = -3*d + 1366. List the prime factors of d.
3, 79
Suppose -2 = 2*a - 3*a, -14 = -3*j - 4*a. Suppose 5*t - 66 = j*t. List the prime factors of t.
2, 11
Suppose 0 = -16*k + 370 + 318. What are the prime factors of k?
43
Suppose 6*z - 4*z = 186. Suppose 20*f - 23*f = -z. List the prime factors of f.
31
Suppose -53 = -5*j + 7. What are the prime factors of j/20 - (-537)/15*3?
2, 3
Let o(m) = m + 7. Let x be o(-5). Let s be ((-3)/2)/(-3) - 7981/(-46). Suppose -x*d = -5*d + s. List the prime factors of d.
2, 29
Suppose 0 = 13*z - 14525 + 303. What are the prime factors of z?
2, 547
Suppose 8*m - 13*m = -1030. Let d = m - 109. List the prime factors of d.
97
Suppose 3*m + 2*m = 40. Let x be 272/5 + m/(-20). Suppose v = 4*v - x. What are the prime factors of v?
2, 3
Let r(j) = -j**2 + 4*j + 4. Suppose 2*p = -p + 12. Let o be r(p). What are the prime factors of o/22 + (-20)/(-11)?
2
Suppose -2*j + 18 = -s - 4*s, -2*j - s = -6. Suppose -l - z + 1 = -5, 3*l + j*z = 20. What are the prime factors of 2 - 6*(-18)/l?
29
Suppose -5*z = -3*g - 1588, 7*g = 4*z + 3*g - 1264. Suppose 2*x + z = 6*x. List the prime factors of x.
2, 5
Let c(s) = 3*s**2 - 27*s - 13. List the prime factors of c(17).
5, 79
Let f(r) be the third derivative of -r**5/60 - 17*r**4/24 + 7*r**3/2 - 13*r**2. List the prime factors of f(-17).
3, 7
List the prime factors of 2826 + -4 + 0 + -2.
2, 3, 5, 47
Let z = 2494 - 317. What are the prime factors of z?
7, 311
Let x = 591 + 337. What are the prime factors of x?
2, 29
Let k = 62 - 72. List the prime factors of (-1326)/k + (-15)/25.
2, 3, 11
Let p(v) = 5*v**2 + 2*v + 2. Let q be p(-1). Suppose -a = -5*j - 11, -q*j = 3*a - 5*a + 27. List the prim